{"id":21,"date":"2012-03-16T15:06:35","date_gmt":"2012-03-16T14:06:35","guid":{"rendered":"http:\/\/robertolopezmartin.com\/?page_id=21"},"modified":"2017-09-05T00:17:19","modified_gmt":"2017-09-04T23:17:19","slug":"galeria-1-pintura","status":"publish","type":"page","link":"https:\/\/robertolopezmartin.com\/?page_id=21","title":{"rendered":"Antit\u00e9ticos \/ antithetical"},"content":{"rendered":"<div>\n<p><strong>Antithetical<\/strong><\/p>\n<p><strong>Roberto l\u00f3pez Mart\u00edn<\/strong><\/p>\n<p>&nbsp;<\/p>\n<p>The subjectivity of the beautiful and ugly concepts is reflected in the mutation and change that these have suffered\u00a0 a long of the time , in the same way into that it has changed the idiosyncrasy of the society and the cognitive structure of its citizens. The vision of each epoch has awarded to the art of the moment the category adapted according to the canons and the recognized prescripts\u00a0 .<\/p>\n<p>The spread of the abnormal thing, it has the object of the spreading of the norm, but, also, it creates this fascination for discovering this new form that we are observing, that we could consider to be a voyeurism towards the morbid thing and the monstrous thing.<\/p>\n<p>&nbsp;<\/p>\n<p><strong>Antit\u00e9ticos<\/strong><\/p>\n<p><strong>Roberto l\u00f3pez Mart\u00edn<\/strong><\/p>\n<p>La subjetividad de los conceptos bello y feo se refleja en la mutaci\u00f3n y variaci\u00f3n que estos han sufrido a lo largo del tiempo, del mismo modo en que ha cambiado la idiosincrasia de la sociedad y la estructura cognitiva de sus ciudadanos. La visi\u00f3n de cada \u00e9poca ha conferido al arte del momento la categor\u00eda adecuada seg\u00fan los c\u00e1nones y los preceptos aceptados\u00a0 .<\/p>\n<p>La propagaci\u00f3n de lo anormal, tiene el objeto de la propagaci\u00f3n de la norma pero, adem\u00e1s, crea esa fascinaci\u00f3n por descubrir esa nueva forma que estamos observando, que podr\u00edamos considerar como un voyerismo hacia lo morboso .<\/p>\n<p>&nbsp;<\/p>\n<div id='gallery-1' class='gallery galleryid-21 gallery-columns-3 gallery-size-thumbnail'><figure class='gallery-item'>\n\t\t\t<div class='gallery-icon landscape'>\n\t\t\t\t<a href='https:\/\/robertolopezmartin.com\/wp-content\/uploads\/2012\/03\/paisaje1.jpg'><img loading=\"lazy\" decoding=\"async\" width=\"150\" height=\"150\" src=\"https:\/\/robertolopezmartin.com\/wp-content\/uploads\/2012\/03\/paisaje1-150x150.jpg\" class=\"attachment-thumbnail size-thumbnail\" alt=\"\" aria-describedby=\"gallery-1-145\" srcset=\"https:\/\/robertolopezmartin.com\/wp-content\/uploads\/2012\/03\/paisaje1-150x150.jpg 150w, https:\/\/robertolopezmartin.com\/wp-content\/uploads\/2012\/03\/paisaje1-100x100.jpg 100w, https:\/\/robertolopezmartin.com\/wp-content\/uploads\/2012\/03\/paisaje1-210x210.jpg 210w\" sizes=\"auto, (max-width: 150px) 100vw, 150px\" \/><\/a>\n\t\t\t<\/div>\n\t\t\t\t<figcaption class='wp-caption-text gallery-caption' id='gallery-1-145'>\n\t\t\t\tPaisajes  morfol\u00f3gicos_Acr\u00edlico y grafito  sobre tabla _Tr\u00edptico 50x50cm\n\t\t\t\t<\/figcaption><\/figure><figure class='gallery-item'>\n\t\t\t<div class='gallery-icon portrait'>\n\t\t\t\t<a href='https:\/\/robertolopezmartin.com\/wp-content\/uploads\/2012\/03\/paisaje2-copia.jpg'><img loading=\"lazy\" decoding=\"async\" width=\"150\" height=\"150\" src=\"https:\/\/robertolopezmartin.com\/wp-content\/uploads\/2012\/03\/paisaje2-copia-150x150.jpg\" class=\"attachment-thumbnail size-thumbnail\" alt=\"\" aria-describedby=\"gallery-1-146\" srcset=\"https:\/\/robertolopezmartin.com\/wp-content\/uploads\/2012\/03\/paisaje2-copia-150x150.jpg 150w, https:\/\/robertolopezmartin.com\/wp-content\/uploads\/2012\/03\/paisaje2-copia-100x100.jpg 100w, https:\/\/robertolopezmartin.com\/wp-content\/uploads\/2012\/03\/paisaje2-copia-210x210.jpg 210w\" sizes=\"auto, (max-width: 150px) 100vw, 150px\" \/><\/a>\n\t\t\t<\/div>\n\t\t\t\t<figcaption class='wp-caption-text gallery-caption' id='gallery-1-146'>\n\t\t\t\tPaisajes  morfol\u00f3gicos_Acr\u00edlico y grafito  sobre tabla _Tr\u00edptico 50x50cm\n\t\t\t\t<\/figcaption><\/figure><figure class='gallery-item'>\n\t\t\t<div class='gallery-icon landscape'>\n\t\t\t\t<a href='https:\/\/robertolopezmartin.com\/wp-content\/uploads\/2012\/03\/paisaje3.jpg'><img loading=\"lazy\" decoding=\"async\" width=\"150\" height=\"150\" src=\"https:\/\/robertolopezmartin.com\/wp-content\/uploads\/2012\/03\/paisaje3-150x150.jpg\" class=\"attachment-thumbnail size-thumbnail\" alt=\"\" aria-describedby=\"gallery-1-148\" srcset=\"https:\/\/robertolopezmartin.com\/wp-content\/uploads\/2012\/03\/paisaje3-150x150.jpg 150w, https:\/\/robertolopezmartin.com\/wp-content\/uploads\/2012\/03\/paisaje3-100x100.jpg 100w, https:\/\/robertolopezmartin.com\/wp-content\/uploads\/2012\/03\/paisaje3-210x210.jpg 210w\" sizes=\"auto, (max-width: 150px) 100vw, 150px\" \/><\/a>\n\t\t\t<\/div>\n\t\t\t\t<figcaption class='wp-caption-text gallery-caption' id='gallery-1-148'>\n\t\t\t\tPaisajes  morfol\u00f3gicos_Acr\u00edlico y grafito  sobre tabla _Tr\u00edptico 50x50cm\n\t\t\t\t<\/figcaption><\/figure><figure class='gallery-item'>\n\t\t\t<div class='gallery-icon portrait'>\n\t\t\t\t<a href='https:\/\/robertolopezmartin.com\/wp-content\/uploads\/2012\/03\/rayuel2.jpg'><img loading=\"lazy\" decoding=\"async\" width=\"150\" height=\"150\" src=\"https:\/\/robertolopezmartin.com\/wp-content\/uploads\/2012\/03\/rayuel2-150x150.jpg\" class=\"attachment-thumbnail size-thumbnail\" alt=\"\" aria-describedby=\"gallery-1-144\" srcset=\"https:\/\/robertolopezmartin.com\/wp-content\/uploads\/2012\/03\/rayuel2-150x150.jpg 150w, https:\/\/robertolopezmartin.com\/wp-content\/uploads\/2012\/03\/rayuel2-300x300.jpg 300w, https:\/\/robertolopezmartin.com\/wp-content\/uploads\/2012\/03\/rayuel2-1020x1024.jpg 1020w, https:\/\/robertolopezmartin.com\/wp-content\/uploads\/2012\/03\/rayuel2-100x100.jpg 100w, https:\/\/robertolopezmartin.com\/wp-content\/uploads\/2012\/03\/rayuel2-210x210.jpg 210w\" sizes=\"auto, (max-width: 150px) 100vw, 150px\" \/><\/a>\n\t\t\t<\/div>\n\t\t\t\t<figcaption class='wp-caption-text gallery-caption' id='gallery-1-144'>\n\t\t\t\t La Rayuela _ Acr\u00edlico y grafito sobre tabla _200x 200cm \/The Hopscotch_ Acrylic and graphite on canvas_ 200x 200cm\n\t\t\t\t<\/figcaption><\/figure><figure class='gallery-item'>\n\t\t\t<div class='gallery-icon landscape'>\n\t\t\t\t<a href='https:\/\/robertolopezmartin.com\/wp-content\/uploads\/2012\/03\/elefantiasis2.jpg'><img loading=\"lazy\" decoding=\"async\" width=\"150\" height=\"150\" src=\"https:\/\/robertolopezmartin.com\/wp-content\/uploads\/2012\/03\/elefantiasis2-150x150.jpg\" class=\"attachment-thumbnail size-thumbnail\" alt=\"\" aria-describedby=\"gallery-1-143\" srcset=\"https:\/\/robertolopezmartin.com\/wp-content\/uploads\/2012\/03\/elefantiasis2-150x150.jpg 150w, https:\/\/robertolopezmartin.com\/wp-content\/uploads\/2012\/03\/elefantiasis2-100x100.jpg 100w, https:\/\/robertolopezmartin.com\/wp-content\/uploads\/2012\/03\/elefantiasis2-210x210.jpg 210w\" sizes=\"auto, (max-width: 150px) 100vw, 150px\" \/><\/a>\n\t\t\t<\/div>\n\t\t\t\t<figcaption class='wp-caption-text gallery-caption' id='gallery-1-143'>\n\t\t\t\tLook up_ Acr\u00edlico y grafito sobre tabla _120x100cm\n\t\t\t\t<\/figcaption><\/figure><figure class='gallery-item'>\n\t\t\t<div class='gallery-icon portrait'>\n\t\t\t\t<a href='https:\/\/robertolopezmartin.com\/wp-content\/uploads\/2012\/03\/NI\u00d1O-POST-MODERNO.jpg'><img loading=\"lazy\" decoding=\"async\" width=\"150\" height=\"150\" src=\"https:\/\/robertolopezmartin.com\/wp-content\/uploads\/2012\/03\/NI\u00d1O-POST-MODERNO-150x150.jpg\" class=\"attachment-thumbnail size-thumbnail\" alt=\"\" aria-describedby=\"gallery-1-141\" srcset=\"https:\/\/robertolopezmartin.com\/wp-content\/uploads\/2012\/03\/NI\u00d1O-POST-MODERNO-150x150.jpg 150w, https:\/\/robertolopezmartin.com\/wp-content\/uploads\/2012\/03\/NI\u00d1O-POST-MODERNO-100x100.jpg 100w, https:\/\/robertolopezmartin.com\/wp-content\/uploads\/2012\/03\/NI\u00d1O-POST-MODERNO-210x210.jpg 210w\" sizes=\"auto, (max-width: 150px) 100vw, 150px\" \/><\/a>\n\t\t\t<\/div>\n\t\t\t\t<figcaption class='wp-caption-text gallery-caption' id='gallery-1-141'>\n\t\t\t\tEl ni\u00f1o_ Acr\u00edlico y grafito  sobre tabla _120x100cm\n\t\t\t\t<\/figcaption><\/figure>\n\t\t<\/div>\n\n<\/div>\n","protected":false},"excerpt":{"rendered":"<div class=\"entry-summary\">\nAntithetical Roberto l\u00f3pez Mart\u00edn &nbsp; The subjectivity of the beautiful and ugly&hellip;\n<\/div>\n<div class=\"link-more\"><a href=\"https:\/\/robertolopezmartin.com\/?page_id=21\" class=\"more-link\">Continuar leyendo<span class=\"screen-reader-text\"> &ldquo;Antit\u00e9ticos \/ antithetical&rdquo;<\/span>&hellip;<\/a><\/div>\n","protected":false},"author":1,"featured_media":0,"parent":0,"menu_order":0,"comment_status":"closed","ping_status":"closed","template":"","meta":{"footnotes":""},"class_list":["post-21","page","type-page","status-publish","hentry","entry"],"yoast_head":"<!-- This site is optimized with the Yoast SEO plugin v27.5 - https:\/\/yoast.com\/product\/yoast-seo-wordpress\/ -->\n<title>Antit\u00e9ticos \/ antithetical - Roberto L\u00f3pez Mart\u00edn<\/title>\n<meta name=\"robots\" content=\"index, follow, max-snippet:-1, max-image-preview:large, max-video-preview:-1\" \/>\n<link rel=\"canonical\" href=\"https:\/\/robertolopezmartin.com\/?page_id=21\" \/>\n<meta property=\"og:locale\" content=\"es_ES\" \/>\n<meta property=\"og:type\" content=\"article\" \/>\n<meta property=\"og:title\" content=\"Antit\u00e9ticos \/ antithetical - Roberto L\u00f3pez Mart\u00edn\" \/>\n<meta property=\"og:description\" content=\"Antithetical Roberto l\u00f3pez Mart\u00edn &nbsp; The subjectivity of the beautiful and ugly&hellip; Continuar leyendo &ldquo;Antit\u00e9ticos \/ antithetical&rdquo;&hellip;\" \/>\n<meta property=\"og:url\" content=\"https:\/\/robertolopezmartin.com\/?page_id=21\" \/>\n<meta property=\"og:site_name\" content=\"Roberto L\u00f3pez Mart\u00edn\" \/>\n<meta property=\"article:modified_time\" content=\"2017-09-04T23:17:19+00:00\" \/>\n<meta property=\"og:image\" content=\"https:\/\/robertolopezmartin.com\/wp-content\/uploads\/2012\/03\/paisaje1-150x150.jpg\" \/>\n<meta name=\"twitter:card\" content=\"summary_large_image\" \/>\n<meta name=\"twitter:label1\" content=\"Tiempo de lectura\" \/>\n\t<meta name=\"twitter:data1\" content=\"1 minuto\" \/>\n<script type=\"application\/ld+json\" class=\"yoast-schema-graph\">{\"@context\":\"https:\\\/\\\/schema.org\",\"@graph\":[{\"@type\":\"WebPage\",\"@id\":\"https:\\\/\\\/robertolopezmartin.com\\\/?page_id=21\",\"url\":\"https:\\\/\\\/robertolopezmartin.com\\\/?page_id=21\",\"name\":\"Antit\u00e9ticos \\\/ antithetical - Roberto L\u00f3pez Mart\u00edn\",\"isPartOf\":{\"@id\":\"https:\\\/\\\/robertolopezmartin.com\\\/#website\"},\"datePublished\":\"2012-03-16T14:06:35+00:00\",\"dateModified\":\"2017-09-04T23:17:19+00:00\",\"breadcrumb\":{\"@id\":\"https:\\\/\\\/robertolopezmartin.com\\\/?page_id=21#breadcrumb\"},\"inLanguage\":\"es\",\"potentialAction\":[{\"@type\":\"ReadAction\",\"target\":[\"https:\\\/\\\/robertolopezmartin.com\\\/?page_id=21\"]}]},{\"@type\":\"BreadcrumbList\",\"@id\":\"https:\\\/\\\/robertolopezmartin.com\\\/?page_id=21#breadcrumb\",\"itemListElement\":[{\"@type\":\"ListItem\",\"position\":1,\"name\":\"Portada\",\"item\":\"https:\\\/\\\/robertolopezmartin.com\\\/\"},{\"@type\":\"ListItem\",\"position\":2,\"name\":\"Antit\u00e9ticos \\\/ antithetical\"}]},{\"@type\":\"WebSite\",\"@id\":\"https:\\\/\\\/robertolopezmartin.com\\\/#website\",\"url\":\"https:\\\/\\\/robertolopezmartin.com\\\/\",\"name\":\"Roberto L\u00f3pez Mart\u00edn\",\"description\":\"Artista Pl\u00e1stico\",\"potentialAction\":[{\"@type\":\"SearchAction\",\"target\":{\"@type\":\"EntryPoint\",\"urlTemplate\":\"https:\\\/\\\/robertolopezmartin.com\\\/?s={search_term_string}\"},\"query-input\":{\"@type\":\"PropertyValueSpecification\",\"valueRequired\":true,\"valueName\":\"search_term_string\"}}],\"inLanguage\":\"es\"}]}<\/script>\n<!-- \/ Yoast SEO plugin. -->","yoast_head_json":{"title":"Antit\u00e9ticos \/ antithetical - Roberto L\u00f3pez Mart\u00edn","robots":{"index":"index","follow":"follow","max-snippet":"max-snippet:-1","max-image-preview":"max-image-preview:large","max-video-preview":"max-video-preview:-1"},"canonical":"https:\/\/robertolopezmartin.com\/?page_id=21","og_locale":"es_ES","og_type":"article","og_title":"Antit\u00e9ticos \/ antithetical - Roberto L\u00f3pez Mart\u00edn","og_description":"Antithetical Roberto l\u00f3pez Mart\u00edn &nbsp; The subjectivity of the beautiful and ugly&hellip; Continuar leyendo &ldquo;Antit\u00e9ticos \/ antithetical&rdquo;&hellip;","og_url":"https:\/\/robertolopezmartin.com\/?page_id=21","og_site_name":"Roberto L\u00f3pez Mart\u00edn","article_modified_time":"2017-09-04T23:17:19+00:00","og_image":[{"url":"https:\/\/robertolopezmartin.com\/wp-content\/uploads\/2012\/03\/paisaje1-150x150.jpg","type":"","width":"","height":""}],"twitter_card":"summary_large_image","twitter_misc":{"Tiempo de lectura":"1 minuto"},"schema":{"@context":"https:\/\/schema.org","@graph":[{"@type":"WebPage","@id":"https:\/\/robertolopezmartin.com\/?page_id=21","url":"https:\/\/robertolopezmartin.com\/?page_id=21","name":"Antit\u00e9ticos \/ antithetical - Roberto L\u00f3pez Mart\u00edn","isPartOf":{"@id":"https:\/\/robertolopezmartin.com\/#website"},"datePublished":"2012-03-16T14:06:35+00:00","dateModified":"2017-09-04T23:17:19+00:00","breadcrumb":{"@id":"https:\/\/robertolopezmartin.com\/?page_id=21#breadcrumb"},"inLanguage":"es","potentialAction":[{"@type":"ReadAction","target":["https:\/\/robertolopezmartin.com\/?page_id=21"]}]},{"@type":"BreadcrumbList","@id":"https:\/\/robertolopezmartin.com\/?page_id=21#breadcrumb","itemListElement":[{"@type":"ListItem","position":1,"name":"Portada","item":"https:\/\/robertolopezmartin.com\/"},{"@type":"ListItem","position":2,"name":"Antit\u00e9ticos \/ antithetical"}]},{"@type":"WebSite","@id":"https:\/\/robertolopezmartin.com\/#website","url":"https:\/\/robertolopezmartin.com\/","name":"Roberto L\u00f3pez Mart\u00edn","description":"Artista Pl\u00e1stico","potentialAction":[{"@type":"SearchAction","target":{"@type":"EntryPoint","urlTemplate":"https:\/\/robertolopezmartin.com\/?s={search_term_string}"},"query-input":{"@type":"PropertyValueSpecification","valueRequired":true,"valueName":"search_term_string"}}],"inLanguage":"es"}]}},"_links":{"self":[{"href":"https:\/\/robertolopezmartin.com\/index.php?rest_route=\/wp\/v2\/pages\/21","targetHints":{"allow":["GET"]}}],"collection":[{"href":"https:\/\/robertolopezmartin.com\/index.php?rest_route=\/wp\/v2\/pages"}],"about":[{"href":"https:\/\/robertolopezmartin.com\/index.php?rest_route=\/wp\/v2\/types\/page"}],"author":[{"embeddable":true,"href":"https:\/\/robertolopezmartin.com\/index.php?rest_route=\/wp\/v2\/users\/1"}],"replies":[{"embeddable":true,"href":"https:\/\/robertolopezmartin.com\/index.php?rest_route=%2Fwp%2Fv2%2Fcomments&post=21"}],"version-history":[{"count":0,"href":"https:\/\/robertolopezmartin.com\/index.php?rest_route=\/wp\/v2\/pages\/21\/revisions"}],"wp:attachment":[{"href":"https:\/\/robertolopezmartin.com\/index.php?rest_route=%2Fwp%2Fv2%2Fmedia&parent=21"}],"curies":[{"name":"wp","href":"https:\/\/api.w.org\/{rel}","templated":true}]}}